{"id":81,"date":"2020-04-15T21:13:33","date_gmt":"2020-04-15T21:13:33","guid":{"rendered":"http:\/\/rmassociates.ca\/fr\/?page_id=81"},"modified":"2025-10-09T19:07:52","modified_gmt":"2025-10-09T19:07:52","slug":"votre-organisation","status":"publish","type":"page","link":"https:\/\/trustmakers-training.ca\/francais\/a-notre-sujet\/votre-organisation\/","title":{"rendered":"Votre organisation"},"content":{"rendered":"\n<div class=\"wp-block-columns is-layout-flex wp-container-core-columns-is-layout-9d6595d7 wp-block-columns-is-layout-flex\">\n<div class=\"wp-block-column is-layout-flow wp-block-column-is-layout-flow\">\n<p><strong>Les ORGANISATIONS <\/strong>  sont souvent conseill\u00e9es par des soci\u00e9t\u00e9s de relations publiques et des professionnels de la vieille \u00e9cole qui partagent avec vous la \u00ab sagesse conventionnelle \u00bb des communications.<\/p>\n\n\n\n<p>Elles\nvous montrent comment manipuler votre public par le biais du brouillage et de la\nmanipulation. Ils vont vous enseigner les arts obscurs de la publicit\u00e9\ntrompeuse et du marketing. Elles vous disent de ne jamais avouer des erreurs ou\nde parler d\u2019un incident n\u00e9gatif.<\/p>\n\n\n\n<p>Elles disent que la meilleure fa\u00e7on de communiquer avec les publics modernes est de se concentrer sur la technologie, comme les m\u00e9dias sociaux, plut\u00f4t que de porter attention \u00e0 l\u2019honn\u00eatet\u00e9 et l\u2019authenticit\u00e9 dans le contenu de votre communication.<\/p>\n\n\n\n<p>En fait, elles essayent de trouver des fa\u00e7ons pour mettre la lumi\u00e8re sur ce que vous dites \u00eatre, pas ce que votre organisation se r\u00e9v\u00e8le \u00eatre dans les faits. Ensuite, elles sont sur place quand tout se passe mal. Elles vous facturent des sommes exorbitantes pour vous aider \u00e0 sortir du p\u00e9trin, mais elles \u00e9vitent la responsabilit\u00e9 et fournissent des excuses vides.<\/p>\n\n\n\n<p>Toutes ces pratiques de communication traditionnelles ne servent qu\u2019\u00e0 diminuer la confiance et le soutien que vous devez cr\u00e9er si vous voulez r\u00e9ussir.<\/p>\n\n\n\n<h4 class=\"wp-block-heading has-text-align-center\">Le\nmoment est-il venu pour vous et votre organisation de commencer \u00e0 b\u00e2tir la\nconfiance plut\u00f4t que de la d\u00e9truire? Est-il temps d\u2019afficher les r\u00e9sultats\nr\u00e9els de votre investissement en communications? Est-il temps de se d\u00e9marquer?\nNous pouvons vous aider.<\/h4>\n<\/div>\n\n\n\n<div class=\"wp-block-column is-layout-flow wp-block-column-is-layout-flow\">\n<figure class=\"wp-block-vimeo-create vimeo-create__video-container\"><div style=\"width:100%\"><iframe class=\"vimeo-core-video\" loading=\"lazy\" src=\"https:\/\/player.vimeo.com\/video\/795890925?autopause=true&amp;autoplay=true&amp;background=false&amp;byline=true&amp;controls=false&amp;dnt=true&amp;loop=true&amp;muted=true&amp;pip=false&amp;playsinline=true&amp;portrait=true&amp;responsive=true&amp;speed=false&amp;title=true&amp;transparent=false\" width=\"1920\" height=\"1080\" frameborder=\"0\" allowfullscreen title=\"aboutyourorg\" style=\"max-width:100%;width:100%;height:100%;aspect-ratio:1920 \/ 1080\"><\/iframe><\/div><\/figure>\n<\/div>\n<\/div>\n\n\n\n<p><\/p>\n\n\n\n<p><\/p>\n","protected":false},"excerpt":{"rendered":"<p>Les ORGANISATIONS sont souvent conseill\u00e9es par des soci\u00e9t\u00e9s de relations publiques et des professionnels de la vieille \u00e9cole qui partagent avec vous la \u00ab sagesse conventionnelle \u00bb des communications. Elles vous montrent comment manipuler votre public par le biais du brouillage et de la manipulation. Ils vont vous enseigner les arts obscurs de la publicit\u00e9<br \/><a class=\"moretag\" href=\"https:\/\/trustmakers-training.ca\/francais\/a-notre-sujet\/votre-organisation\/\">+ En savoir plus<\/a><\/p>\n","protected":false},"author":1,"featured_media":0,"parent":77,"menu_order":0,"comment_status":"closed","ping_status":"closed","template":"template_parts\/page-fullwidth_template.php","meta":{"footnotes":""},"class_list":["post-81","page","type-page","status-publish","hentry"],"_links":{"self":[{"href":"https:\/\/trustmakers-training.ca\/francais\/wp-json\/wp\/v2\/pages\/81","targetHints":{"allow":["GET"]}}],"collection":[{"href":"https:\/\/trustmakers-training.ca\/francais\/wp-json\/wp\/v2\/pages"}],"about":[{"href":"https:\/\/trustmakers-training.ca\/francais\/wp-json\/wp\/v2\/types\/page"}],"author":[{"embeddable":true,"href":"https:\/\/trustmakers-training.ca\/francais\/wp-json\/wp\/v2\/users\/1"}],"replies":[{"embeddable":true,"href":"https:\/\/trustmakers-training.ca\/francais\/wp-json\/wp\/v2\/comments?post=81"}],"version-history":[{"count":8,"href":"https:\/\/trustmakers-training.ca\/francais\/wp-json\/wp\/v2\/pages\/81\/revisions"}],"predecessor-version":[{"id":4414,"href":"https:\/\/trustmakers-training.ca\/francais\/wp-json\/wp\/v2\/pages\/81\/revisions\/4414"}],"up":[{"embeddable":true,"href":"https:\/\/trustmakers-training.ca\/francais\/wp-json\/wp\/v2\/pages\/77"}],"wp:attachment":[{"href":"https:\/\/trustmakers-training.ca\/francais\/wp-json\/wp\/v2\/media?parent=81"}],"curies":[{"name":"wp","href":"https:\/\/api.w.org\/{rel}","templated":true}]}}